?
True
Is 626414 prime?
False
Is 366013 a composite number?
False
Is 402107 prime?
True
Is 187987 a prime number?
True
Is 1973 prime?
True
Is 1291307 a composite number?
True
Is 6197 composite?
False
Is 1361 a prime number?
True
Is 683 a prime number?
True
Is 60493 prime?
True
Is 19235 prime?
False
Is 178223 a prime number?
True
Is 286199 a composite number?
False
Is 125753 a composite number?
False
Is 4561 a composite number?
False
Is 65599 prime?
True
Is 10189 prime?
False
Is 309989 composite?
False
Is 105071 a prime number?
True
Is 3173 a prime number?
False
Is 5097 a prime number?
False
Is 56299 a prime number?
True
Is 449077 prime?
True
Is 546911 a composite number?
True
Is 99961 a composite number?
False
Is 26989 a composite number?
True
Is 574147 a composite number?
True
Is 59249 a prime number?
False
Is 530687 composite?
True
Is 1542851 composite?
False
Is 51967 a composite number?
True
Is 653 composite?
False
Is 356441 prime?
True
Is 25595 a composite number?
True
Is 141761 composite?
False
Is 128959 composite?
False
Is 186391 a prime number?
True
Is 179587 composite?
True
Is 393181 prime?
True
Is 2798 prime?
False
Is 101951 composite?
True
Is 10893 a composite number?
True
Is 124053 composite?
True
Is 1054913 prime?
False
Is 6469 prime?
True
Is 208417 prime?
False
Is 12499 a composite number?
True
Is 134639 a composite number?
False
Is 711989 a prime number?
False
Is 34123 a prime number?
True
Is 6054231 a prime number?
False
Is 50117 a composite number?
True
Is 1655 prime?
False
Is 8267 a prime number?
False
Is 14971 composite?
True
Is 5131 prime?
False
Is 69567 composite?
True
Is 335633 prime?
True
Is 667007 prime?
False
Is 271009 composite?
True
Is 2073 a prime number?
False
Is 204109 composite?
True
Is 155749 composite?
True
Is 143093 composite?
False
Is 383807 a prime number?
True
Is 1024637 prime?
False
Is 336983 a composite number?
False
Is 60715 prime?
False
Is 164953 prime?
True
Is 695995 a prime number?
False
Is 7891 a composite number?
True
Is 27509 composite?
False
Is 24407 a composite number?
False
Is 1140983 composite?
False
Is 3073 a prime number?
False
Is 24841 a composite number?
False
Is 1941 a composite number?
True
Is 29789 prime?
True
Is 149329 a composite number?
True
Is 4559 composite?
True
Is 996143 a composite number?
False
Is 541 a prime number?
True
Is 581 prime?
False
Is 3943 a composite number?
False
Is 63263 composite?
True
Is 20621 a composite number?
True
Is 14591 prime?
True
Is 5077 prime?
True
Is 246815 a composite number?
True
Is 44209 a composite number?
True
Is 967 prime?
True
Is 2149 a prime number?
False
Is 57463 composite?
True
Is 11665 a composite number?
True
Is 1228651 composite?
False
Is 1253191 a prime number?
False
Is 61651 a prime number?
True
Is 778819 a composite number?
False
Is 2816303 composite?
True
Is 6145 a composite number?
True
Is 125707 a prime number?
True
Is 293377 prime?
False
Is 56747 a composite number?
False
Is 51673 a composite number?
False
Is 4247 a prime number?
False
Is 1537 a prime number?
False
Is 1149485 a prime number?
False
Is 722066 prime?
False
Is 196643 composite?
False
Is 5147 composite?
False
Is 258551 a prime number?
True
Is 63267 a prime number?
False
Is 4831 composite?
False
Is 154927 prime?
True
Is 168409 composite?
False
Is 78341 a prime number?
True
Is 3799 a composite number?
True
Is 63233 a composite number?
True
Is 147379 composite?
True
Is 64151 prime?
True
Is 588383 a composite number?
False
Is 641 composite?
False
Is 537739 a composite number?
False
Is 4871897 a prime number?
True
Is 14783 a composite number?
False
Is 907 a prime number?
True
Is 7903 composite?
True
Is 4227 composite?
True
Is 10991 a prime number?
False
Is 3691 prime?
True
Is 465041 a composite number?
False
Is 19105 composite?
True
Is 55135 composite?
True
Is 392053 composite?
False
Is 9229 composite?
True
Is 111647 a prime number?
False
Is 6374 a prime number?
False
Is 281717 prime?
True
Is 6893 a prime number?
False
Is 7563 a prime number?
False
Is 466777 composite?
False
Is 261631 prime?
True
Is 1483583 composite?
True
Is 5294 a prime number?
False
Is 3817 a prime number?
False
Is 32491 a prime number?
True
Is 3386 composite?
True
Is 25733 prime?
True
Is 2819 a prime number?
True
Is 19349 a prime number?
False
Is 6247 composite?
False
Is 189797 prime?
True
Is 10529 prime?
True
Is 226 a composite number?
True
Is 926873 a prime number?
False
Is 21479 composite?
True
Is 24631 a composite number?
False
Is 2079299 composite?
False
Is 37067 prime?
False
Is 49193 a composite number?
False
Is 10447 composite?
True
Is 1154017 a prime number?
True
Is 32483 prime?
False
Is 560753 composite?
False
Is 2428823 a prime number?
False
Is 133631 a prime number?
True
Is 207923 composite?
False
Is 41867 composite?
True
Is 6883 prime?
True
Is 36401 prime?
False
Is 56299 a prime number?
True
Is 16811 a composite number?
False
Is 937049 composite?
False
Is 1023581 composite?
True
Is 195593 a prime number?
True
Is 44927 a prime number?
True
Is 3299 prime?
True
Is 4481 composite?
False
Is 5855 a composite number?
True
Is 1133 a prime number?
False
Is 76997 a prime number?
False
Is 102887 prime?
False
Is 197741 a composite number?
False
Is 109157 composite?
True
Is 85219 prime?
False
Is 113717 composite?
False
Is 7331 composite?
False
Is 335483 composite?
True
Is 14349 composite?
True
Is 15359 a prime number?
True
Is 32483 prime?
False
Is 498833 prime?
True
Is 5797361 a prime number?
False
Is 14779 a prime number?
True
Is 10919 a composite number?
True
Is 5209279 composite?
False
Is 452987 prime?
False
Is 4847 prime?
False
Is 204431 a prime number?
True
Is 9327 composite?
True
Is 46951 a composite number?
True
Is 122594 composite?
True
Is 11113 prime?
True
Is 326831 a composite number?
False
Is 13907 a prime number?
True
Is 186469 a composite number?
False
Is 640499 prime?
True
Is 39659 a prime number?
True
Is 10299 composite?
True
Is 15427 a composite number?
False
Is 34421 a prime number?
True
Is 15653 a composite number?
True
Is 27163 composite?
True
Is 1315 a composite number?
True
Is 59347 composite?
True
Is 13033 composite?
False
Is 735781 a composite number?
False
Is 148141 a composite number?
True
Is 865685 a prime number?
False
Is 13955 prime?
False
Is 148415 prime?
False
Is 182477 composite?
True
Is 597 a prime number?
False
Is 34423 a prime number?
False
Is 12829 composite?
False
Is 1901 a prime number?
True
Is 337121 a prime number?
True
Is 302933 a prime number?
False
Is 4065119 composite?
False
Is 95345 a prime number?
False
Is 382 composite?
True
Is 6547 a prime number?
True
Is 472306 a prime number?
False
Is 5305 a prime number?
False
Is 116681 prime?
True
Is 1520069 a prime number?
True
Is 795939 composite?
True
Is 1769 prime?
False
Is 541 a composite number?
False
Is 72613 a composite number?
False
Is 19799 prime?
False
Is 338627 composite?
True
Is 166094 a composite number?
True
Is 27361 prime?
True
Is 16547 a prime number?
True
Is 73303 prime?
True
Is 122117 composite?
False
Is 23813 prime?
True
Is 542771 a composite number?
False
Is 358181 composite?
False
Is 16343 a composite number?
True
Is 83935 a composite number?
True
Is 43961 prime?
True
Is 5147 composite?
False
Is 22343 composite?
False
Is 193937 a composite number?
False
Is 43445 prime?
False
Is 2891071 composite?
True
Is 1411 composite?
True
Is 18787 a prime number?
True
Is 2203 composite?
False
Is 7909 prime?
False
Is 89678 prime?
False
Is 7255 composite?
True
Is 34003 composite?
True
Is 38107 a prime number?
False
Is 82385 composite?
True
Is 162251 prime?
True
Is 3779 prime?
True
Is 2165 prime?
False
Is 248509 a prime number?
True
Is 35419 a composite number?
False
Is 3587 composite?
True
Is 204577 composite?
True
Is 37747 prime?
True
Is 3163 composite?
False
Is 40459 composite?
False
Is 128717 composite?
False
Is 7919 a prime number?
True
Is 13751 a composite number?
False
Is 56291 composite?
True
Is 398059 a composite number?
False
Is 261669 prime?
False
Is 272463 composite?
True
Is 76871 prime?
True
Is 15613 composite?
True
Is 135241 prime?
True
Is 50767 a prime number?
True
Is 88099 prime?
False
Is 6233 composite?
True
Is 14369 prime?
True
Is 88213 prime?
False
Is 9274 a prime number?
False
Is 33593 composite